{"id":4206,"date":"2022-02-02T20:19:58","date_gmt":"2022-02-02T20:19:58","guid":{"rendered":"https:\/\/ccrl-clrc.ca\/?page_id=4206"},"modified":"2022-02-02T20:24:32","modified_gmt":"2022-02-02T20:24:32","slug":"nos-engagements","status":"publish","type":"page","link":"https:\/\/ccrl-clrc.ca\/fr\/nos-engagements\/","title":{"rendered":"Nos engagements"},"content":{"rendered":"<p>Nous nous engageons dans la formation, la recherche, le conseil et l&rsquo;\u00e9valuation de programmes. Vous trouverez ci-dessous une liste de nos prochaines formations et discussions publiques. Visitez notre page <a href=\"https:\/\/ccrl-clrc.ca\/fr\/engagements-passes\/\">d&rsquo;engagements pass\u00e9s<\/a> pour examiner notre travail de 2018 \u00e0 2021, ou notre page de <a href=\"https:\/\/ccrl-clrc.ca\/fr\/galerie\/\">t\u00e9moignages et de galerie<\/a> pour en savoir plus.<\/p>\n<hr \/>\n<hr \/>\n<h2>Engagements 2022<\/h2>\n<p>&nbsp;<\/p>\n<p><em>En 2022, nous travaillons principalement sur des projets de litt\u00e9ratie religieuse avec des partenaires et des membres de la communaut\u00e9. Visitez <a href=\"https:\/\/ccrl-clrc.ca\/fr\/projets\/\">notre page de projets<\/a> pour plus de d\u00e9tails.<\/em><\/p>\n<p>31 janvier \u2013 \u00ab Penser plus profond\u00e9ment et parler plus fort : Un dialogue sur le projet de loi 21 \u00bb Webinaire,<a href=\"https:\/\/ssm-maw.com\/\"> La Semaine de la sensibilisation musulmane<\/a><\/p>\n<p>&nbsp;<\/p>\n","protected":false},"excerpt":{"rendered":"<p>Nous nous engageons dans la formation, la recherche, le conseil et l&rsquo;\u00e9valuation de programmes. Vous trouverez ci-dessous une liste de nos prochaines formations et discussions publiques. Visitez notre page d&rsquo;engagements pass\u00e9s pour examiner notre travail de 2018 \u00e0 2021, ou notre page de t\u00e9moignages et de galerie pour en savoir plus. Engagements 2022 &nbsp; En [&hellip;]<\/p>\n","protected":false},"author":29790131,"featured_media":0,"parent":0,"menu_order":0,"comment_status":"closed","ping_status":"closed","template":"page-templates\/full-width-page.php","meta":{"_acf_changed":false,"_et_pb_use_builder":"","_et_pb_old_content":"","_et_gb_content_width":"","_coblocks_attr":"","_coblocks_dimensions":"","_coblocks_responsive_height":"","_coblocks_accordion_ie_support":"","_wpcom_ai_launchpad_about_page":false,"_wpcom_ai_launchpad_gallery_page":false,"_wpcom_ai_launchpad_contact_page":false,"_wpcom_ai_launchpad_events_page":false,"_wpcom_ai_launchpad_video_page":false,"_wpcom_ai_launchpad_portfolio_piece":false,"footnotes":""},"class_list":["post-4206","page","type-page","status-publish","hentry"],"acf":[],"yoast_head":"<!-- This site is optimized with the Yoast SEO plugin v28.4 - https:\/\/yoast.com\/product\/yoast-seo-wordpress\/ -->\n<title>Nos engagements - Le centre de litt\u00e9ratie religieuse civique<\/title>\n<meta name=\"description\" content=\"Nous nous engageons dans la formation, la recherche, le conseil et l&#039;\u00e9valuation de programmes.\" \/>\n<meta name=\"robots\" content=\"index, follow, max-snippet:-1, max-image-preview:large, max-video-preview:-1\" \/>\n<link rel=\"canonical\" href=\"https:\/\/ccrl-clrc.ca\/fr\/nos-engagements\/\" \/>\n<meta property=\"og:locale\" content=\"fr_FR\" \/>\n<meta property=\"og:type\" content=\"article\" \/>\n<meta property=\"og:title\" content=\"Nos engagements - Le centre de litt\u00e9ratie religieuse civique\" \/>\n<meta property=\"og:description\" content=\"Nous nous engageons dans la formation, la recherche, le conseil et l&#039;\u00e9valuation de programmes.\" \/>\n<meta property=\"og:url\" content=\"https:\/\/ccrl-clrc.ca\/fr\/nos-engagements\/\" \/>\n<meta property=\"og:site_name\" content=\"Le centre de litt\u00e9ratie religieuse civique\" \/>\n<meta property=\"article:publisher\" content=\"https:\/\/www.facebook.com\/The-Centre-for-Civic-Religious-Literacy-2033697073383562\/\" \/>\n<meta property=\"article:modified_time\" content=\"2022-02-02T20:24:32+00:00\" \/>\n<meta name=\"twitter:card\" content=\"summary_large_image\" \/>\n<meta name=\"twitter:site\" content=\"@CcrlClrc\" \/>\n<meta name=\"twitter:label1\" content=\"Dur\u00e9e de lecture estim\u00e9e\" \/>\n\t<meta name=\"twitter:data1\" content=\"1 minute\" \/>\n<script type=\"application\/ld+json\" class=\"yoast-schema-graph\">{\"@context\":\"https:\\\/\\\/schema.org\",\"@graph\":[{\"@type\":\"WebPage\",\"@id\":\"https:\\\/\\\/ccrl-clrc.ca\\\/fr\\\/nos-engagements\\\/\",\"url\":\"https:\\\/\\\/ccrl-clrc.ca\\\/fr\\\/nos-engagements\\\/\",\"name\":\"Nos engagements - Le centre de litt\u00e9ratie religieuse civique\",\"isPartOf\":{\"@id\":\"https:\\\/\\\/ccrl-clrc.ca\\\/fr\\\/#website\"},\"datePublished\":\"2022-02-02T20:19:58+00:00\",\"dateModified\":\"2022-02-02T20:24:32+00:00\",\"description\":\"Nous nous engageons dans la formation, la recherche, le conseil et l'\u00e9valuation de programmes.\",\"breadcrumb\":{\"@id\":\"https:\\\/\\\/ccrl-clrc.ca\\\/fr\\\/nos-engagements\\\/#breadcrumb\"},\"inLanguage\":\"fr-FR\",\"potentialAction\":[{\"@type\":\"ReadAction\",\"target\":[\"https:\\\/\\\/ccrl-clrc.ca\\\/fr\\\/nos-engagements\\\/\"]}]},{\"@type\":\"BreadcrumbList\",\"@id\":\"https:\\\/\\\/ccrl-clrc.ca\\\/fr\\\/nos-engagements\\\/#breadcrumb\",\"itemListElement\":[{\"@type\":\"ListItem\",\"position\":1,\"name\":\"Accueil\",\"item\":\"https:\\\/\\\/ccrl-clrc.ca\\\/fr\\\/le-centre-de-litteratie-religieuse-civique-2\\\/\"},{\"@type\":\"ListItem\",\"position\":2,\"name\":\"Nos engagements\"}]},{\"@type\":\"WebSite\",\"@id\":\"https:\\\/\\\/ccrl-clrc.ca\\\/fr\\\/#website\",\"url\":\"https:\\\/\\\/ccrl-clrc.ca\\\/fr\\\/\",\"name\":\"Le centre de litt\u00e9ratie religieuse civique\",\"description\":\"Pour la promotion de la compr\u00e9hension au Canada\",\"publisher\":{\"@id\":\"https:\\\/\\\/ccrl-clrc.ca\\\/fr\\\/#organization\"},\"potentialAction\":[{\"@type\":\"SearchAction\",\"target\":{\"@type\":\"EntryPoint\",\"urlTemplate\":\"https:\\\/\\\/ccrl-clrc.ca\\\/fr\\\/?s={search_term_string}\"},\"query-input\":{\"@type\":\"PropertyValueSpecification\",\"valueRequired\":true,\"valueName\":\"search_term_string\"}}],\"inLanguage\":\"fr-FR\"},{\"@type\":\"Organization\",\"@id\":\"https:\\\/\\\/ccrl-clrc.ca\\\/fr\\\/#organization\",\"name\":\"Le centre de litt\u00e9ratie religieuse civique\",\"url\":\"https:\\\/\\\/ccrl-clrc.ca\\\/fr\\\/\",\"logo\":{\"@type\":\"ImageObject\",\"inLanguage\":\"fr-FR\",\"@id\":\"https:\\\/\\\/ccrl-clrc.ca\\\/fr\\\/#\\\/schema\\\/logo\\\/image\\\/\",\"url\":\"https:\\\/\\\/i2.wp.com\\\/ccrl-clrc.ca\\\/wp-content\\\/uploads\\\/2018\\\/10\\\/ccrl_logo.png?fit=1849%2C256&ssl=1\",\"contentUrl\":\"https:\\\/\\\/i2.wp.com\\\/ccrl-clrc.ca\\\/wp-content\\\/uploads\\\/2018\\\/10\\\/ccrl_logo.png?fit=1849%2C256&ssl=1\",\"width\":1849,\"height\":256,\"caption\":\"Le centre de litt\u00e9ratie religieuse civique\"},\"image\":{\"@id\":\"https:\\\/\\\/ccrl-clrc.ca\\\/fr\\\/#\\\/schema\\\/logo\\\/image\\\/\"},\"sameAs\":[\"https:\\\/\\\/www.facebook.com\\\/The-Centre-for-Civic-Religious-Literacy-2033697073383562\\\/\",\"https:\\\/\\\/x.com\\\/CcrlClrc\",\"https:\\\/\\\/www.instagram.com\\\/ccrl.clrc\\\/\",\"https:\\\/\\\/www.linkedin.com\\\/company\\\/ccrl-clrc\\\/\"]}]}<\/script>\n<!-- \/ Yoast SEO plugin. -->","yoast_head_json":{"title":"Nos engagements - Le centre de litt\u00e9ratie religieuse civique","description":"Nous nous engageons dans la formation, la recherche, le conseil et l'\u00e9valuation de programmes.","robots":{"index":"index","follow":"follow","max-snippet":"max-snippet:-1","max-image-preview":"max-image-preview:large","max-video-preview":"max-video-preview:-1"},"canonical":"https:\/\/ccrl-clrc.ca\/fr\/nos-engagements\/","og_locale":"fr_FR","og_type":"article","og_title":"Nos engagements - Le centre de litt\u00e9ratie religieuse civique","og_description":"Nous nous engageons dans la formation, la recherche, le conseil et l'\u00e9valuation de programmes.","og_url":"https:\/\/ccrl-clrc.ca\/fr\/nos-engagements\/","og_site_name":"Le centre de litt\u00e9ratie religieuse civique","article_publisher":"https:\/\/www.facebook.com\/The-Centre-for-Civic-Religious-Literacy-2033697073383562\/","article_modified_time":"2022-02-02T20:24:32+00:00","twitter_card":"summary_large_image","twitter_site":"@CcrlClrc","twitter_misc":{"Dur\u00e9e de lecture estim\u00e9e":"1 minute"},"schema":{"@context":"https:\/\/schema.org","@graph":[{"@type":"WebPage","@id":"https:\/\/ccrl-clrc.ca\/fr\/nos-engagements\/","url":"https:\/\/ccrl-clrc.ca\/fr\/nos-engagements\/","name":"Nos engagements - Le centre de litt\u00e9ratie religieuse civique","isPartOf":{"@id":"https:\/\/ccrl-clrc.ca\/fr\/#website"},"datePublished":"2022-02-02T20:19:58+00:00","dateModified":"2022-02-02T20:24:32+00:00","description":"Nous nous engageons dans la formation, la recherche, le conseil et l'\u00e9valuation de programmes.","breadcrumb":{"@id":"https:\/\/ccrl-clrc.ca\/fr\/nos-engagements\/#breadcrumb"},"inLanguage":"fr-FR","potentialAction":[{"@type":"ReadAction","target":["https:\/\/ccrl-clrc.ca\/fr\/nos-engagements\/"]}]},{"@type":"BreadcrumbList","@id":"https:\/\/ccrl-clrc.ca\/fr\/nos-engagements\/#breadcrumb","itemListElement":[{"@type":"ListItem","position":1,"name":"Accueil","item":"https:\/\/ccrl-clrc.ca\/fr\/le-centre-de-litteratie-religieuse-civique-2\/"},{"@type":"ListItem","position":2,"name":"Nos engagements"}]},{"@type":"WebSite","@id":"https:\/\/ccrl-clrc.ca\/fr\/#website","url":"https:\/\/ccrl-clrc.ca\/fr\/","name":"Le centre de litt\u00e9ratie religieuse civique","description":"Pour la promotion de la compr\u00e9hension au Canada","publisher":{"@id":"https:\/\/ccrl-clrc.ca\/fr\/#organization"},"potentialAction":[{"@type":"SearchAction","target":{"@type":"EntryPoint","urlTemplate":"https:\/\/ccrl-clrc.ca\/fr\/?s={search_term_string}"},"query-input":{"@type":"PropertyValueSpecification","valueRequired":true,"valueName":"search_term_string"}}],"inLanguage":"fr-FR"},{"@type":"Organization","@id":"https:\/\/ccrl-clrc.ca\/fr\/#organization","name":"Le centre de litt\u00e9ratie religieuse civique","url":"https:\/\/ccrl-clrc.ca\/fr\/","logo":{"@type":"ImageObject","inLanguage":"fr-FR","@id":"https:\/\/ccrl-clrc.ca\/fr\/#\/schema\/logo\/image\/","url":"https:\/\/i2.wp.com\/ccrl-clrc.ca\/wp-content\/uploads\/2018\/10\/ccrl_logo.png?fit=1849%2C256&ssl=1","contentUrl":"https:\/\/i2.wp.com\/ccrl-clrc.ca\/wp-content\/uploads\/2018\/10\/ccrl_logo.png?fit=1849%2C256&ssl=1","width":1849,"height":256,"caption":"Le centre de litt\u00e9ratie religieuse civique"},"image":{"@id":"https:\/\/ccrl-clrc.ca\/fr\/#\/schema\/logo\/image\/"},"sameAs":["https:\/\/www.facebook.com\/The-Centre-for-Civic-Religious-Literacy-2033697073383562\/","https:\/\/x.com\/CcrlClrc","https:\/\/www.instagram.com\/ccrl.clrc\/","https:\/\/www.linkedin.com\/company\/ccrl-clrc\/"]}]}},"jetpack_likes_enabled":false,"jetpack_sharing_enabled":false,"jetpack_shortlink":"https:\/\/wp.me\/PafvDM-15Q","amp_enabled":false,"_links":{"self":[{"href":"https:\/\/ccrl-clrc.ca\/fr\/wp-json\/wp\/v2\/pages\/4206","targetHints":{"allow":["GET"]}}],"collection":[{"href":"https:\/\/ccrl-clrc.ca\/fr\/wp-json\/wp\/v2\/pages"}],"about":[{"href":"https:\/\/ccrl-clrc.ca\/fr\/wp-json\/wp\/v2\/types\/page"}],"author":[{"embeddable":true,"href":"https:\/\/ccrl-clrc.ca\/fr\/wp-json\/wp\/v2\/users\/29790131"}],"replies":[{"embeddable":true,"href":"https:\/\/ccrl-clrc.ca\/fr\/wp-json\/wp\/v2\/comments?post=4206"}],"version-history":[{"count":2,"href":"https:\/\/ccrl-clrc.ca\/fr\/wp-json\/wp\/v2\/pages\/4206\/revisions"}],"predecessor-version":[{"id":4208,"href":"https:\/\/ccrl-clrc.ca\/fr\/wp-json\/wp\/v2\/pages\/4206\/revisions\/4208"}],"wp:attachment":[{"href":"https:\/\/ccrl-clrc.ca\/fr\/wp-json\/wp\/v2\/media?parent=4206"}],"curies":[{"name":"wp","href":"https:\/\/api.w.org\/{rel}","templated":true}]}}

<p>Nous nous engageons dans la formation, la recherche, le conseil et l&rsquo;évaluation de programmes. Vous trouverez ci-dessous une liste de nos prochaines formations et discussions publiques. Visitez notre page <a href="https://ccrl-clrc.ca/fr/engagements-passes/">d&rsquo;engagements passés</a> pour examiner notre travail de 2018 à 2021, ou notre page de <a href="https://ccrl-clrc.ca/fr/galerie/">témoignages et de galerie</a> pour en savoir plus.</p>
<hr />
<hr />
<h2>Engagements 2022</h2>
<p>&nbsp;</p>
<p><em>En 2022, nous travaillons principalement sur des projets de littératie religieuse avec des partenaires et des membres de la communauté. Visitez <a href="https://ccrl-clrc.ca/fr/projets/">notre page de projets</a> pour plus de détails.</em></p>
<p>31 janvier – « Penser plus profondément et parler plus fort : Un dialogue sur le projet de loi 21 » Webinaire,<a href="https://ssm-maw.com/"> La Semaine de la sensibilisation musulmane</a></p>
<p>&nbsp;</p>

<p>Nous nous engageons dans la formation, la recherche, le conseil et l&rsquo;évaluation de programmes. Vous trouverez ci-dessous une liste de nos prochaines formations et discussions publiques. Visitez notre page d&rsquo;engagements passés pour examiner notre travail de 2018 à 2021, ou notre page de témoignages et de galerie pour en savoir plus. Engagements 2022 &nbsp; En [&hellip;]</p>

<!-- This site is optimized with the Yoast SEO plugin v28.4 - https://yoast.com/product/yoast-seo-wordpress/ -->
<title>Nos engagements - Le centre de littératie religieuse civique</title>
<meta name="description" content="Nous nous engageons dans la formation, la recherche, le conseil et l&#039;évaluation de programmes." />
<meta name="robots" content="index, follow, max-snippet:-1, max-image-preview:large, max-video-preview:-1" />
<link rel="canonical" href="https://ccrl-clrc.ca/fr/nos-engagements/" />
<meta property="og:locale" content="fr_FR" />
<meta property="og:type" content="article" />
<meta property="og:title" content="Nos engagements - Le centre de littératie religieuse civique" />
<meta property="og:description" content="Nous nous engageons dans la formation, la recherche, le conseil et l&#039;évaluation de programmes." />
<meta property="og:url" content="https://ccrl-clrc.ca/fr/nos-engagements/" />
<meta property="og:site_name" content="Le centre de littératie religieuse civique" />
<meta property="article:publisher" content="https://www.facebook.com/The-Centre-for-Civic-Religious-Literacy-2033697073383562/" />
<meta property="article:modified_time" content="2022-02-02T20:24:32+00:00" />
<meta name="twitter:card" content="summary_large_image" />
<meta name="twitter:site" content="@CcrlClrc" />
<meta name="twitter:label1" content="Durée de lecture estimée" />
	<meta name="twitter:data1" content="1 minute" />
<script type="application/ld+json" class="yoast-schema-graph">{"@context":"https:\/\/schema.org","@graph":[{"@type":"WebPage","@id":"https:\/\/ccrl-clrc.ca\/fr\/nos-engagements\/","url":"https:\/\/ccrl-clrc.ca\/fr\/nos-engagements\/","name":"Nos engagements - Le centre de littératie religieuse civique","isPartOf":{"@id":"https:\/\/ccrl-clrc.ca\/fr\/#website"},"datePublished":"2022-02-02T20:19:58+00:00","dateModified":"2022-02-02T20:24:32+00:00","description":"Nous nous engageons dans la formation, la recherche, le conseil et l'évaluation de programmes.","breadcrumb":{"@id":"https:\/\/ccrl-clrc.ca\/fr\/nos-engagements\/#breadcrumb"},"inLanguage":"fr-FR","potentialAction":[{"@type":"ReadAction","target":["https:\/\/ccrl-clrc.ca\/fr\/nos-engagements\/"]}]},{"@type":"BreadcrumbList","@id":"https:\/\/ccrl-clrc.ca\/fr\/nos-engagements\/#breadcrumb","itemListElement":[{"@type":"ListItem","position":1,"name":"Accueil","item":"https:\/\/ccrl-clrc.ca\/fr\/le-centre-de-litteratie-religieuse-civique-2\/"},{"@type":"ListItem","position":2,"name":"Nos engagements"}]},{"@type":"WebSite","@id":"https:\/\/ccrl-clrc.ca\/fr\/#website","url":"https:\/\/ccrl-clrc.ca\/fr\/","name":"Le centre de littératie religieuse civique","description":"Pour la promotion de la compréhension au Canada","publisher":{"@id":"https:\/\/ccrl-clrc.ca\/fr\/#organization"},"potentialAction":[{"@type":"SearchAction","target":{"@type":"EntryPoint","urlTemplate":"https:\/\/ccrl-clrc.ca\/fr\/?s={search_term_string}"},"query-input":{"@type":"PropertyValueSpecification","valueRequired":true,"valueName":"search_term_string"}}],"inLanguage":"fr-FR"},{"@type":"Organization","@id":"https:\/\/ccrl-clrc.ca\/fr\/#organization","name":"Le centre de littératie religieuse civique","url":"https:\/\/ccrl-clrc.ca\/fr\/","logo":{"@type":"ImageObject","inLanguage":"fr-FR","@id":"https:\/\/ccrl-clrc.ca\/fr\/#\/schema\/logo\/image\/","url":"https:\/\/i2.wp.com\/ccrl-clrc.ca\/wp-content\/uploads\/2018\/10\/ccrl_logo.png?fit=1849%2C256&ssl=1","contentUrl":"https:\/\/i2.wp.com\/ccrl-clrc.ca\/wp-content\/uploads\/2018\/10\/ccrl_logo.png?fit=1849%2C256&ssl=1","width":1849,"height":256,"caption":"Le centre de littératie religieuse civique"},"image":{"@id":"https:\/\/ccrl-clrc.ca\/fr\/#\/schema\/logo\/image\/"},"sameAs":["https:\/\/www.facebook.com\/The-Centre-for-Civic-Religious-Literacy-2033697073383562\/","https:\/\/x.com\/CcrlClrc","https:\/\/www.instagram.com\/ccrl.clrc\/","https:\/\/www.linkedin.com\/company\/ccrl-clrc\/"]}]}</script>
<!-- / Yoast SEO plugin. -->

Nos engagements - Le centre de littératie religieuse civique

Nous nous engageons dans la formation, la recherche, le conseil et l'évaluation de programmes.

Le centre de littératie religieuse civique

Pour la promotion de la compréhension au Canada
